Let a(k) = -k**2 - 7*k - 25. What is a(t)?
-25
Suppose -4*n + 2*h + 34 = 0, 4*h - 875 = n - 908. Let d(c) = c**3 - 8*c**2 + 5*c + 8. What is d(n)?
-42
Let g = -114 + 261. Suppose 148 = d + g. Let w(t) = 28*t - 1. Calculate w(d).
27
Let l = -1527 + 1542. Let i(a) = -a**2 + 16*a - 7. What is i(l)?
8
Let p(a) = 6*a - 7. Suppose -8*y - 376 = 104. Let u be (-9)/((-10)/(y/9)). Give p(u).
-43
Let r(h) = 2*h + 2. Let s(y) = -28*y - 170. Let k be s(-6). Let n(c) = 2*c + 7. Let i(z) = k*n(z) + 3*r(z). Calculate i(7).
6
Let v(o) be the first derivative of -4*o**2 + 38 - 1/3*o**3 - 10*o. Determine v(-7).
-3
Let m(c) = 9*c. Let r = 312 - 322. Let p(w) = -w**3 - 11*w**2 - 8*w + 22. Let a be p(r). Give m(a).
18
Let x(p) be the second derivative of p**5/20 + 2*p**4 - 25*p**3/3 + 29*p**2 + 2652*p. Calculate x(-26).
6
Suppose -629*i = 267282 - 270427. Let h(d) = -5*d**2 + 41*d - 10. Let p(u) = u**2 - 8*u + 2. Let y(b) = 2*h(b) + 11*p(b). Give y(i).
-3
Suppose -4*j + 3*b = 15, b - 426 + 419 = 2*j. Let l(u) = -3*u - 12. Calculate l(j).
-3
Let y(v) = 5 + 1 - 11*v**2 - 7 + 12*v**2 - 9*v. Let h(s) = 1. Let m(r) = -2*h(r) - y(r). Give m(7).
13
Let p(f) = -79*f + 164. Let u(x) = 18*x + 1424. Let c be u(-79). Give p(c).
6
Let f(y) be the third derivative of 0 + 1/6*y**3 - 1/6*y**4 - 6*y + 1/30*y**5 + 1/120*y**6 - 4*y**2. Calculate f(-4).
-15
Let v(b) = b**3 + 2*b**2 - 26*b - 18. Suppose h - 8*l + 32 = 2, 0 = 2*h + 2*l + 6. Give v(h).
-6
Let n = -6771 + 6789. Let j(k) = k**3 - 17*k**2 - 18*k - 1. Give j(n).
-1
Let q(d) = -d**3 - d - 2. Let w(f) = 3*f**2 - 5*f + 34. Let y(k) = -7*k**2 + 10*k - 67. Let b(t) = -9*w(t) - 4*y(t). Let g be b(-9). Give q(g).
8
Suppose 9 = 2*y + 7. Suppose -6*g - y = -1. Suppose b = -g*b - 2*s + 3, -b + s = 0. Let f(p) = 7*p**3 - p**2 + p - 1. Determine f(b).
6
Let z(r) be the first derivative of 9*r**2/2 + 22*r + 32. Give z(-2).
4
Let c(f) = -f**3 - 3*f**2 - f + 2. Let o be -16*(-1)/4*-1. Let k be (19 - 20)*o/(-2). What is c(k)?
0
Let t be 19/(-19)*(-1 - -10). Let i(v) = -v**2 - 7*v + 40. Let s be i(t). Let z(w) = 12 + w + s - 27. Give z(-6).
1
Suppose 98 = 13*m - 71. Suppose -3*n = 3*h - 7*n - m, -n + 9 = h. Let g(p) = p**3 - 7*p**2 - 8. Give g(h).
-8
Let n be 84/(-8)*4/(-6). Let o(s) be the first derivative of s - 29 + 1/3*s**3 - 5*s**2. What is o(n)?
-20
Let n = 71 - 72. Let w(p) = 6*p**3 - 2*p**2 - 6*p + 1. Let a(l) = 6*l**3 - 2*l**2 - 5*l + 1. Let u(q) = -6*a(q) + 5*w(q). Give u(n).
7
Let s be (-5)/(-30)*(-6 + 12). Let l be (1 + s + -7)*1. Let v(r) = -r**3 - 5*r**2 - 5*r. Give v(l).
25
Let b(w) be the third derivative of -w**6/120 + w**5/12 + 13*w**4/24 - 31*w**3/6 - 6*w**2 + 2*w + 528. Determine b(6).
11
Let x(l) be the first derivative of -l**2/2 - 34*l - 49. Calculate x(-27).
-7
Let x(w) = w**2 - w + 11. Let g be x(0). Let d(p) = 827*p + 27. Let k(h) = 248*h + 9. Let u(y) = -3*d(y) + 10*k(y). What is u(g)?
-2
Let n(l) = 2*l. Suppose k = 4*d + 98, 2*d = 4*k + 7*d - 392. Let w = k + -92. Determine n(w).
12
Let g(x) = -13*x + 6. Let y(t) = 19*t - 9. Let f(c) = c**3 + 15*c**2 + 15*c + 9. Let b be f(-14). Let d(w) = b*y(w) - 7*g(w). Calculate d(3).
-9
Let x(r) be the third derivative of 1/6*r**4 - 1/60*r**5 + 0*r - 1/120*r**6 - 5/6*r**3 + 176*r**2 + 0. Calculate x(2).
-9
Let i be (-186)/15 - 7*12/(-210). Let g(m) = -3*m - 46. Calculate g(i).
-10
Let g = -649 + 651. Let j(l) = -2*l**2 + 3*l - 4*l + 5*l + l**g + 13. Determine j(6).
1
Let q(w) = 4*w + 0*w - 15 + 19 - 5. Let v(i) = 2*i**2 - 35*i + 14. Let l be v(17). Let j(c) = -3*c + 2. Let b(g) = l*j(g) - 2*q(g). Determine b(0).
-4
Let q(l) = -7*l**2 + 7*l - 3. Let t(y) = 5 - 9*y - 1 + 464*y**2 - 456*y**2. Let u(o) = -7*q(o) - 6*t(o). Calculate u(-4).
-7
Let u = -1308 + 1336. Let w(j) = 5*j - 145. What is w(u)?
-5
Let a(k) = -7*k**2 + 11*k - 20. Let p(q) = 2*q**2 + q + 1. Let w be -6*(35/10)/(-7)*1. Let r(t) = w*p(t) + a(t). What is r(12)?
7
Let q(b) = b**3 - 15*b**2 - b - 4. Suppose 4*j = -13*a + 10*a + 29, -40 = -4*a - 5*j. Determine q(a).
-19
Let q(h) = -12*h + 56. Suppose 230*d = 198*d + 128. Determine q(d).
8
Suppose -8 + 5 = t. Let k(u) = 23*u + 1. Let l(f) = -20*f - 16. Let q(p) = -3. Let c(n) = -l(n) + 5*q(n). Let a(w) = -7*c(w) + 6*k(w). Calculate a(t).
5
Let t(b) be the second derivative of b**4/12 - 2*b**3 + 23*b**2/2 - 75*b + 1. Give t(11).
12
Let z(q) = -q**2 - 15*q + 24. Let b = 1951 + -1968. What is z(b)?
-10
Let n(g) = -443*g + 0*g**3 + 4*g**3 - 2 - g**3 - 5*g**2 - 2*g**3 + 439*g. Let f be (2 - 3) + -1 + 8. Suppose 0 = -k - o + f, 5*k - 4*o + 10 = 40. Give n(k).
10
Let r = -5 + 9. Suppose -10*j - 7 = 3. Let m be (6/4)/((2/r)/j). Let a(l) = 5*l - 4. Calculate a(m).
-19
Let j(b) = -b - 4. Let g(f) be the second derivative of f**3/6 - 7*f**2 - 3*f + 12. Let z be g(9). What is j(z)?
1
Let r be (-4)/(-32)*8 + -4 + 23. Let l(n) = -n**2 + 17*n + 45. Give l(r).
-15
Let j(k) = -k**3 - 4*k**2 + 6*k + 7. Suppose -3*y + 4 = -2*y. Let i = 47 - 46. Let r be i/((-1)/y + 4/80). Determine j(r).
2
Let v(k) = -k + 22. Let r be v(8). Let w = -12 + r. Let j(d) = -71*d**w + 2*d + 8 - 5 + 70*d**2 + 2. Calculate j(4).
-3
Let n(y) = -10*y**2 - 6*y + 13. Suppose -3*r = 5*j - 3, 109*r - 23 = -j + 114*r. Calculate n(j).
-95
Let j(g) = 5*g + 77. Let n(l) = 7*l + 154. Let x(h) = 5*j(h) - 3*n(h). Determine x(23).
15
Let p = 605 + -578. Let f(l) = l**3 - 6 - p*l**2 + 38*l**2 + 19 + 2*l. Give f(-11).
-9
Let u(o) be the second derivative of o**4/12 + 7*o**3/6 + 5*o**2/2 - 6*o + 4. Let b be u(-3). Let w(r) = r**2 + 4*r - 7. What is w(b)?
14
Suppose 16*v = 7*v - 18. Let u be v + 15/5 + 1. Let p(q) = 6 + 740*q + q**3 + 6*q**u + 0*q**3 - 733*q. Determine p(-4).
10
Let a be (-210)/5*(12/42)/(-1). Let p be 38/(-152) + (-21)/a. Let s(j) be the second derivative of -4*j**3/3 - 3*j**2/2 - j. Determine s(p).
13
Let n(v) be the first derivative of v**4/12 + 2*v**2 + 293*v + 131. Let h(p) be the first derivative of n(p). Determine h(5).
29
Suppose -h = -3*h + 2*n + 6, -h - 4*n + 3 = 0. Let y(u) be the first derivative of -29 + 10*u - 4*u**2 - 4*u - h - 3*u. Give y(3).
-21
Let q(u) be the third derivative of u**5/60 + 5*u**4/24 - u**3 - 15*u**2. Let w be (-46)/14 - 18/(-63). Let z be 2*(-2 - 2) - w. Give q(z).
-6
Let q(d) = 11*d + 31. Let n(v) = -31*v - 86. Let b(m) = 6*n(m) + 17*q(m). Suppose 0 = -3*j - 2*j - 50. What is b(j)?
1
Let w be -13 - ((-2)/1 - -1). Let j(u) = 18 - 11 - 24*u**2 + 25*u**2 + 13*u. Give j(w).
-5
Let c(r) = -5*r**2 - 5*r + 23. Let p be c(4). Let x = 46 + -120. Let h = p - x. Let g(z) = z**2 + 3*z - 4. Determine g(h).
-4
Suppose 5*n + 17*n - 27*n = 0. Let t(j) = -2*j**2 - 4 + 4 - 3 + 3*j**2. Determine t(n).
-3
Let s(n) = n - 5. Suppose -2*i + 3*l = 13, 26 = -5*i - 5*l + 6. What is s(i)?
-10
Let v(n) be the first derivative of -7*n**2/2 - 20*n + 38. Let r be v(-4). Suppose 108*j + r = 104*j. Let b(s) = -2*s**3 - 3*s**2 - s. Determine b(j).
6
Let u(i) be the first derivative of i**2/2 - 4*i - 11. Suppose 3*w - 4*x = 6, -3*x - 8 = -4*w + x. Give u(w).
-2
Let z(g) be the second derivative of -g**4/12 + 5*g**3/6 - g**2 + 6*g. Let m be 1738/44*(-5 - -1). Let k = m + 162. What is z(k)?
2
Let s(p) = 19*p**2 - 28*p + 36. Let n(d) = -22*d**2 + 30*d - 33. Let r(w) = -6*n(w) - 7*s(w). Give r(6).
6
Let w(s) = -s**3 + 5*s**2 + s - 4. Let c(b) = -21*b + 119. Let l be c(-6). Let u = l + -241. Give w(u).
16
Let b(f) = 129*f - 24*f - 2 - 45*f - 32*f - 17. Determine b(-3).
-103
Let c(a) = 7*a**2 + 10*a**2 - 31*a**2 - 10 + 11*a**2 + 2*a**2. Suppose 5*p - 3*f = 17, 2*p = -3*f - 2*f + 13. Let g = p - 4. Determine c(g).
-10
Let x(v) = -v - 3. Suppose -3*f = 57 + 78. Let z = f + 51. Suppose -a - z*a - 28 = 0. What is x(a)?
1
Let j = 4 + -2. Let n be j - -4*1/2. Let k(b) = 104*b**3 - 211*b**3 - 51*b + 54*b + 3 - 5*b**2 + 108*b**3. Calculate k(n).
-1
Let h be 760/(-19) - (-6 - 10). Let t(y) = -y**3 - 23*y**2 + 24*y - 44. Determine t(h).
-44
Suppose 6 = 5*q + 8*m - 78, 5*m = -4*q + 77. Let z(i) = -i + 39. Give z(q).
11
Suppose 0 = -4*a - a - n + 18, 2*a + 3*n = 2. Suppose 0 = -16*h + 77*h - 610. Let d(f) = 10*f - h*f + 1 + 5*f + a*f**2 - 5*f**2. Give d(6).
-5
Let n(o) = -5*o**2 + 192*o + 117. Let c be n(39). Let j(b) = b**2 + 8*b - 2. Determine j(c).
-2
Let p(w) = -130*w - 126*w + 2*w**2 + 264*w - 6 - 6. What is p(-7)?
30
